and 9.
9
What is the highest common factor of 542 and 3523?
271
Calculate the greatest common divisor of 69 and 161.
23
What is the greatest common factor of 2192 and 7398?
274
Calculate the greatest common factor of 960 and 6.
6
What is the greatest common divisor of 62 and 36?
2
What is the highest common factor of 2726 and 94?
94
Calculate the greatest common divisor of 957 and 21373.
319
What is the greatest common factor of 49 and 198695?
49
Calculate the highest common divisor of 31 and 992.
31
Calculate the greatest common factor of 98 and 49.
49
What is the greatest common factor of 13 and 104?
13
Calculate the highest common factor of 726 and 10.
2
Calculate the highest common factor of 351 and 4374.
27
What is the greatest common factor of 36 and 9486?
18
What is the highest common factor of 12 and 48?
12
Calculate the highest common factor of 1462 and 43.
43
What is the highest common factor of 377 and 261?
29
Calculate the greatest common factor of 60 and 7620.
60
Calculate the greatest common factor of 909 and 2121.
303
What is the greatest common factor of 646 and 76?
38
Calculate the greatest common factor of 720 and 90.
90
Calculate the highest common factor of 5727 and 332.
83
What is the highest common divisor of 54 and 666?
18
What is the highest common factor of 4251 and 78?
39
Calculate the highest common divisor of 483 and 21.
21
Calculate the greatest common factor of 7 and 1701.
7
Calculate the highest common factor of 1615 and 85.
85
Calculate the highest common factor of 44 and 506.
22
Calculate the greatest common divisor of 14 and 77.
7
What is the greatest common divisor of 3 and 31?
1
Calculate the highest common factor of 832 and 884.
52
Calculate the greatest common divisor of 14 and 28.
14
What is the greatest common factor of 363 and 88?
11
Calculate the greatest common factor of 21 and 28.
7
Calculate the highest common factor of 23 and 32.
1
What is the highest common divisor of 130 and 234?
26
What is the greatest common factor of 957 and 2046?
33
Calculate the greatest common divisor of 455 and 70.
35
Calculate the highest common factor of 216 and 36072.
216
Calculate the highest common divisor of 75 and 8355.
15
Calculate the greatest common factor of 1591 and 43.
43
What is the greatest common divisor of 117 and 2925?
117
What is the greatest common factor of 74 and 2923?
37
Calculate the highest common factor of 21 and 12.
3
What is the highest common divisor of 239 and 1?
1
What is the highest common factor of 4 and 2758?
2
What is the greatest common factor of 168 and 72?
24
Calculate the greatest common divisor of 9 and 9441.
9
What is the highest common factor of 3 and 1014?
3
What is the highest common divisor of 39 and 468?
39
What is the highest common divisor of 17 and 17?
17
What is the greatest common factor of 3080 and 550?
110
What is the highest common factor of 256 and 16?
16
Calculate the highest common divisor of 61790 and 740.
370
What is the highest common factor of 99 and 5823?
9
What is the greatest common factor of 306 and 18?
18
Calculate the highest common factor of 9 and 2547.
9
Calculate the greatest common divisor of 1334 and 116.
58
What is the highest common factor of 11 and 8954?
11
What is the greatest common divisor of 88 and 220?
44
What is the greatest common divisor of 162 and 1314?
18
Calculate the highest common divisor of 67 and 5561.
67
What is the greatest common divisor of 3640 and 819?
91
Calculate the greatest common divisor of 226 and 64.
2
What is the highest common divisor of 130 and 10920?
130
What is the highest common divisor of 1484 and 3444?
28
Calculate the highest common factor of 2286 and 4.
2
What is the highest common factor of 6100 and 200?
100
What is the greatest common divisor of 3615 and 75?
15
What is the highest common factor of 124 and 93?
31
What is the greatest common divisor of 605 and 363?
121
Calculate the greatest common factor of 30 and 6.
6
What is the greatest common divisor of 16313 and 11?
11
Calculate the greatest common divisor of 12 and 60.
12
Calculate the greatest common divisor of 36 and 564.
12
What is the highest common factor of 274 and 3?
1
Calculate the greatest common divisor of 1955 and 85.
85
What is the highest common factor of 41 and 20?
1
What is the highest common divisor of 143 and 39?
13
Calculate the highest common divisor of 140 and 680.
20
What is the highest common divisor of 1430 and 195?
65
What is the greatest common divisor of 120 and 540?
60
Calculate the greatest common factor of 602 and 14.
14
What is the greatest common factor of 27 and 7641?
27
What is the highest common divisor of 544 and 96?
32
What is the greatest common divisor of 6 and 906?
6
What is the highest common factor of 207 and 23?
23
What is the greatest common divisor of 12 and 156?
12
What is the highest common factor of 72 and 171?
9
What is the highest common factor of 88 and 128?
8
What is the highest common factor of 135 and 1050?
15
What is the greatest common factor of 30345 and 238?
119
Calculate the highest common divisor of 66 and 33.
33
What is the greatest common divisor of 186 and 18?
6
Calculate the highest common factor of 174 and 36.
6
Calculate the highest common divisor of 176 and 880.
176
What is the highest common divisor of 1596 and 56?
28
What is the highest common factor of 231 and 429?
33
Calculate the greatest common divisor of 216 and 6.
6
Calculate the highest common factor of 180 and 260.
20
Calculate the greatest common divisor of 7091 and 14.
7
Calculate the greatest common divisor of 165 and 363.
33
Calculate the greatest common factor of 11542 and 174.
58
Calculate the highest common factor of 19 and 247.
19
Calculate the greatest common factor of 340 and 85.
85
What is the greatest common factor of 10 and 5?
5
What is the greatest common factor of 315 and 90?
45
Calculate the greatest common factor of 87 and 2523.
87
Calculate the greatest common divisor of 24 and 280.
8
What is the greatest common divisor of 7 and 77?
7
What is the greatest common divisor of 8799 and 7?
7
What is the highest common factor of 2290 and 20?
10
Calculate the highest common divisor of 144 and 16.
16
What is the highest common factor of 2581 and 116?
29
What is the greatest common divisor of 93 and 279?
93
Calculate the greatest common factor of 492 and 12.
12
What is the highest common factor of 92 and 253?
23
Calculate the greatest common divisor of 50 and 975.
25
What is the highest common factor of 68 and 1190?
34
Calculate the highest common divisor of 31 and 5.
1
Calculate the greatest common factor of 5 and 160.
5
Calculate the greatest common divisor of 13 and 1.
1
What is the highest common factor of 22 and 341?
11
What is the highest common factor of 108 and 504?
36
Calculate the highest common factor of 7 and 7.
7
What is the greatest common factor of 740 and 20?
20
Calculate the highest common factor of 725 and 50.
25
Calculate the greatest common factor of 189 and 11487.
21
What is the greatest common factor of 234 and 91?
13
What is the highest common factor of 7 and 14?
7
What is the greatest common divisor of 30 and 45?
15
What is the greatest common divisor of 70 and 6610?
10
What is the highest common divisor of 385 and 49?
7
What is the highest common divisor of 28 and 70?
14
What is the highest common factor of 436 and 109?
109
What is the greatest common divisor of 473 and 86?
43
Calculate the highest common divisor of 1438 and 3.
1
What is the greatest common factor of 117 and 91?
13
Calculate the highest common factor of 182 and 1911.
91
What is the greatest common divisor of 336 and 273?
21
What is the highest common factor of 2037 and 21?
21
Calculate the greatest common divisor of 5222 and 28.
14
Calculate the highest common factor of 10 and 70.
10
Calculate the greatest common divisor of 36 and 9.
9
What is the greatest common factor of 2460 and 15?
15
What is the highest common divisor of 11 and 418?
11
Calculate the highest common divisor of 14 and 54992.
14
Calculate the greatest common factor of 135 and 15.
15
What is the greatest common divisor of 328 and 40?
8
Calculate the greatest common factor of 7028 and 56.
28
Calculate the greatest common factor of 121 and 88.
11
Calculate the g